n u is divided by g(-3).
15
Let h = 7 - 2. Let v(r) be the first derivative of -r**4/4 - 7*r**3/3 - 3*r**2 + 2*r + 1. Calculate the remainder when h is divided by v(-6).
1
Let n(i) = -i + 18. Let f be n(10). Calculate the remainder when 4/f*-2 - -16 is divided by 4.
3
Let f(l) = l**2 + 5*l + 7. Calculate the remainder when 61 is divided by f(-6).
9
Let m(d) = -21*d + 1. Let x be m(-1). Let t = x - -29. Suppose 2*y + t = 5*y. Calculate the remainder when y is divided by 6.
5
Let s = 39 + -21. Let j = 33 + -23. Calculate the remainder when s is divided by j.
8
Suppose -5*g = 220 - 85. Let l = 46 + g. Let r = -3 - -39. Calculate the remainder when r is divided by l.
17
Let z be -3 + 2 + -9 + 0. Let s = z - -29. Calculate the remainder when s is divided by 5.
4
Calculate the remainder when 141 is divided by (378/35)/(-6*2/(-40)).
33
Let p = -95 - -65. What is the remainder when 12 is divided by p/20*(-20)/6?
2
Let p(v) = -14*v + 10. What is the remainder when p(-6) is divided by 32?
30
Calculate the remainder when 34 is divided by -2*5/(15/(-18)).
10
Let u = 21 + 2. Calculate the remainder when u is divided by 4.
3
Suppose -132 = 4*j - 6*j. What is the remainder when j is divided by 17?
15
Let y(v) = 0*v - 3*v - 3 + 1. What is the remainder when y(-2) is divided by 3?
1
Suppose -7*y + 2*y + 15 = 0. Calculate the remainder when 11 is divided by y.
2
Let y(c) = 10*c**2 - c - 1. What is the remainder when 71 is divided by y(2)?
34
Let n(y) = -y**3 - 2*y**2 + 3*y - 3. Let l = 32 - 1. Calculate the remainder when n(-6) is divided by l.
30
Let x be 4/(-6)*27/(-6). Suppose 5*b - x*t = 96, 4*t = -3*b + 2*t + 69. Suppose 2*k - b = 7. Calculate the remainder when k is divided by 8.
6
Let b = -21 - -24. Suppose 10 = p + 4*p. What is the remainder when b is divided by p?
1
Let k = 2 - -1. Calculate the remainder when 10 is divided by k.
1
Let m be (-4)/6 - (-22)/(-3). Let j = m - -16. Calculate the remainder when j is divided by 5.
3
Let q = -8 - -11. Suppose -q*z - 21 = -234. What is the remainder when z is divided by 24?
23
Let h(r) = r + 55. Calculate the remainder when h(0) is divided by 29.
26
What is the remainder when 45 is divided by (-44 + -2)*(-3 + (-20)/(-8))?
22
Let i = 32 + -21. Let t = i + -3. What is the remainder when t is divided by 5?
3
Suppose 7 + 17 = 4*m. What is the remainder when 18 is divided by m?
0
Let n = 1 - -2. Suppose 4*l - 6 = n*l. Calculate the remainder when 9 is divided by l.
3
Suppose 8*z = 2*z + 30. Calculate the remainder when 39 is divided by z.
4
Let t(f) = 2*f**2 - 4*f - 8. Suppose 0 = 8*i - 5*i + 5*a - 68, -79 = -4*i + 5*a. What is the remainder when t(6) is divided by i?
19
Suppose 0 = -2*g + 12 - 2. Suppose g*a - 31 = 34. Suppose 3*j - 211 = -j - 5*z, 0 = 4*j + 4*z - 208. Calculate the remainder when j is divided by a.
10
What is the remainder when 35 is divided by 10 - (-1 - -2) - -5?
7
What is the remainder when 59 is divided by (-8 - -6) + (19 - (-4)/(-2))?
14
Let m be ((-4)/4 - 12)/1. Let t = 16 + m. What is the remainder when 10 is divided by t?
1
Let v(b) = -b**3 + 6*b**2 + 3*b - 7. Let j be 2/(-7) + 308/49. Calculate the remainder when v(j) is divided by 4.
3
Let u(o) = o**3 - 7*o**2 + o + 7. Suppose v - 2*v + 40 = 0. Calculate the remainder when v is divided by u(7).
12
Let o = 44 - 41. What is the remainder when o is divided by 3?
0
Let s = 247 + -109. What is the remainder when s is divided by 35?
33
Suppose -4*b = -2*i + 20, -2*b + 19 = 2*i - 19. Suppose 0 = 4*q - 20, -2*w + 5*q - i = w. Calculate the remainder when 5 is divided by w.
2
Suppose 5*g = 0, 0*g + g - 2 = -u. Calculate the remainder when 4 is divided by u.
0
Suppose 0 = 5*u - 48 - 112. Calculate the remainder when 126 is divided by u.
30
Let v = 11 + -8. Suppose -5*m = -4*w - 19, -v*m + 0 = w - 8. What is the remainder when 8 is divided by m?
2
Calculate the remainder when 96 is divided by (-2)/((-1 - 0) + (-6)/(-7)).
12
Let b be ((-12)/(-4))/(3/(-8)). Let h = 17 + b. What is the remainder when (16/(-3))/(2/(-6)) is divided by h?
7
Let z(q) = -3 - 8*q - 4*q + 4*q**2 + 5*q**2 + q**3. Calculate the remainder when 49 is divided by z(-10).
15
Let q be (-346)/(-8) - 3/(-4). Suppose -2*t = -4*j + q, t = 6*j - 5*j - 9. Calculate the remainder when (-2)/j + (-1204)/(-52) is divided by 12.
11
Suppose 2*m + 3 = 3*j, 2*m + 2*m - 5*j = -1. What is the remainder when m is divided by 4?
2
Suppose 4*k - 3*m - 7 = 0, 29 = -2*k - 5*m - 0*m. Let l = 12 + k. Let v(h) = h - 4. What is the remainder when 16 is divided by v(l)?
4
Suppose -8*w + w + 147 = 0. What is the remainder when w is divided by 11?
10
Let d = -10 + 5. Let a = d - -6. Calculate the remainder when 2 is divided by a.
0
Suppose 7*j - 4*j = 9. Let b(i) = 2*i**3 - 3*i**2 - 2*i - 3. Calculate the remainder when b(j) is divided by 10.
8
Let q(i) = -7*i + 3. What is the remainder when q(-8) is divided by 20?
19
Let i = -39 + 59. Let x(n) = n**3 - 7*n**2 - 8*n - 2. Let y be x(8). Let q = 9 - y. What is the remainder when i is divided by q?
9
What is the remainder when ((35 - 0) + 3)/((-6)/(-9)) is divided by 10?
7
Let j be ((-6)/(-1))/2 + 4. Suppose 5*d - 15 = -5*g, 7 = j*g - 2*g - 3*d. Calculate the remainder when 3 is divided by g.
1
Let i(y) = y**2 + 2*y - 4. Let j be i(6). Let t = j - 29. What is the remainder when 28 is divided by t?
13
Let p = 3 + 7. Suppose -l - 2*l + p = -y, -5*l - 2*y + 13 = 0. Suppose -o - 5*f + l = -3, -126 = -5*o - f. What is the remainder when o is divided by 9?
8
What is the remainder when (74 - 1) + -3*1 is divided by 12?
10
Suppose -3*d + 15 = 2*d. Suppose -d*n = -0*n + 27. What is the remainder when 11 is divided by ((-6)/n)/(3/18)?
3
Let w(y) = y**3 + 10*y**2 - y + 5. What is the remainder when (-5 + -1)*28/(-6) is divided by w(-10)?
13
Let h = 9 + 33. Calculate the remainder when h is divided by 11.
9
Suppose 0 = 7*f + 171 - 507. What is the remainder when f is divided by 10?
8
Let v(z) = -15*z**3 + z**2 - 1. Calculate the remainder when 58 is divided by v(-1).
13
Let z(c) = 2*c**3 + 10*c**2 - 4*c - 6. Let u = 94 - 11. Let h = 124 - u. What is the remainder when h is divided by z(-5)?
13
Let p(g) = -g**2 - 6*g - 5. Let d be p(-5). Suppose 4*n - 2*l - 108 = d, 2*n - 3*n - 3*l + 20 = 0. What is the remainder when n is divided by 7?
5
Suppose -2*y - 3*y = -5. Let b(l) = 2*l**2 + 2*l - 1. What is the remainder when 3 is divided by b(y)?
0
Suppose 0 = 2*c + 5 + 3. Let x(z) = -5*z - 1. What is the remainder when x(c) is divided by 7?
5
Suppose 60 = 5*w - w. What is the remainder when (1/2)/((-2)/(-168)) is divided by w?
12
Let v be 17/5 - 2/5. Suppose 12 = -0*m + v*m. Suppose 4*x = -c + 146, 3*c = m*x - 2*c - 158. Calculate the remainder when x is divided by 13.
11
Suppose -2*y + 77 = h, h + 4*h = -2*y + 97. Calculate the remainder when y is divided by 10.
6
Let l(r) = -r**3 + 9*r**2 - 11*r + 9. Calculate the remainder when 58 is divided by l(7).
28
Let c = -7 - -12. Suppose 0*o - 2*b - 99 = -c*o, o = -3*b + 13. What is the remainder when 36 is divided by o?
17
Let q(a) = -a**3 + 10*a**2 + 5*a - 8. What is the remainder when q(9) is divided by 20?
18
Suppose 0 = -5*l + 2*x - 517, -l - 4*x = l + 202. Let i = -57 - l. Calculate the remainder when i is divided by 24.
22
Let f be (-1 - 0)*(-1 + -4). Suppose -f - 7 = -3*z. What is the remainder when z is divided by 2?
0
Let i = 20 - 12. Suppose -4*j + 70 = -22. Calculate the remainder when j is divided by i.
7
Let g(p) = 9*p**2 + 2*p + 1. Let s be g(-1). Calculate the remainder when 34 is divided by (-4)/s - (-37)/2.
16
Let o be 4 - (2/2 - -1). Suppose 31 = 2*j + 2*a - 3*a, j - 3*a = 18. Calculate the remainder when o - j/3 - -53 is divided by 13.
11
Let q(p) = 4*p - p - 6 + p**2 - 6*p + 0. What is the remainder when 41 is divided by q(-4)?
19
Suppose 2*w + 0*w + k = 505, -4*w - 4*k = -1020. What is the remainder when w is divided by 28?
26
Let q(y) = 6*y**2 - 9*y - 7. What is the remainder when q(6) is divided by 20?
15
Let f(p) be the third derivative of p**4/12 + 2*p**3/3 + 2*p**2. Calculate the remainder when 38 is divided by f(8).
18
Suppose 452 = 7*a - 31. What is the remainder when a is divided by 37?
32
Let x(u) be the second derivative of 2*u - u**3 - 3*u**2 + 2*u - 2*u. Calculate the remainder when 35 is divided by